 220 + -1103333101030?
-1103333100210
In base 5, what is 1 - 40124140?
-40124134
In base 15, what is -139ede - e?
-139eed
In base 2, what is -11001110101100 + -10000010100?
-11011111000000
In base 15, what is -54 - -101804?
1017a0
In base 7, what is 46511 + 54113?
133624
In base 8, what is -10165 - 123566?
-133753
In base 3, what is -121102211112 - -1020211?
-121101120201
In base 12, what is b22 - 78a?
354
In base 15, what is -249e81 + 2?
-249e7e
In base 12, what is 0 - -36b1629?
36b1629
In base 9, what is -60 - 100354?
-100424
In base 15, what is c1 + 5ba2e?
5bb00
In base 16, what is 1652 - -343?
1995
In base 10, what is 121027 - -106?
121133
In base 15, what is -1 - -257088?
257087
In base 2, what is -10000011000110001101 - -101?
-10000011000110001000
In base 3, what is 11 + 200022210001001?
200022210001012
In base 8, what is -3645036 + 6?
-3645030
In base 8, what is -3125323 - 5?
-3125330
In base 15, what is 1040539e - 1?
1040539d
In base 10, what is 0 - 444458?
-444458
In base 7, what is 4 - 200331210?
-200331203
In base 16, what is -19 + b1b89?
b1b70
In base 9, what is -70 + -786776?
-786856
In base 15, what is a + 8bcb6b?
8bcb76
In base 10, what is -5505 + -298?
-5803
In base 2, what is -111 - 100110111011111001110101?
-100110111011111001111100
In base 6, what is 141553252 + -3?
141553245
In base 16, what is -7b5 + 1291f?
1216a
In base 5, what is -1232312112 - 3?
-1232312120
In base 11, what is -a18 + -73583?
-744a0
In base 3, what is 21120022112220210 + -2?
21120022112220201
In base 13, what is -172 + 3641?
349c
In base 5, what is -24322220 + -244?
-24323014
In base 3, what is 12 - 11012211220012?
-11012211220000
In base 12, what is 3 + 75b8460b?
75b84612
In base 5, what is 12 - -400242322?
400242334
In base 15, what is 4cc + 164a6?
16983
In base 11, what is -4 + -31323?
-31327
In base 9, what is 411 + -36344?
-35833
In base 4, what is 221 + -100311102022?
-100311101201
In base 9, what is 24057 - 2565?
21382
In base 9, what is 77 + -472237?
-472150
In base 14, what is 14 + -6479c7?
-6479b3
In base 8, what is -2511633 + 5?
-2511626
In base 7, what is -11644244 + 1160?
-11643054
In base 9, what is -36163621 - -5?
-36163615
In base 15, what is 3b + 71be2?
71c2d
In base 7, what is -121424 + 3414?
-115010
In base 15, what is 3329 - -109e6?
13d20
In base 16, what is -e + 1c250?
1c242
In base 5, what is -124004 - -420433?
241424
In base 5, what is -1401420 + -20?
-1401440
In base 16, what is -26 + 36faae?
36fa88
In base 12, what is -1112534 - 5?
-1112539
In base 14, what is -5654 + 7?
-564b
In base 12, what is 19 - -2b518b?
2b51a8
In base 16, what is 0 - -8ca985?
8ca985
In base 10, what is 85833276 - 23?
85833253
In base 12, what is -55283741 + 3?
-5528373a
In base 8, what is 4264402 + -33?
4264347
In base 15, what is -2ded22 + 4a?
-2decc7
In base 4, what is -12 + -23331130313?
-23331130331
In base 2, what is 10101101110001111010111111 + 10?
10101101110001111011000001
In base 4, what is 1 - 20012220121?
-20012220120
In base 10, what is -31 + 9385?
9354
In base 9, what is -1281736 - -1484?
-1280242
In base 12, what is 17ab2 - -26?
17b18
In base 11, what is -4150359 - 2?
-4150360
In base 3, what is -2101 - 221101110212111?
-221101110221212
In base 15, what is -2 + -c03a920?
-c03a922
In base 13, what is 1 - 79bb1?
-79bb0
In base 3, what is 1020 + -20112120002012?
-20112120000222
In base 14, what is 3bd - -148231?
148610
In base 12, what is -5 + -636741?
-636746
In base 11, what is -1a9975 - -2?
-1a9973
In base 16, what is 1269a9 - -c?
1269b5
In base 8, what is -7301 - 13272?
-22573
In base 6, what is 522133 - 1031?
521102
In base 5, what is -140141311 - 12?
-140141323
In base 5, what is 2 - 242320340032?
-242320340030
In base 6, what is -2143 + -1424354?
-1430541
In base 4, what is 0 + 123330322320?
123330322320
In base 15, what is 53a99 - 2ed?
5379b
In base 3, what is 1000 + -1201220022?
-1201212022
In base 16, what is 67b9b - 14?
67b87
In base 13, what is -cb - 12b30?
-12c2b
In base 13, what is -551 - -a34a7?
a2c56
In base 10, what is 3 - 1759432?
-1759429
In base 14, what is 545bbc8 + b?
545bbd5
In base 16, what is -13bd - -11c39?
1087c
In base 13, what is -2727 - -5262?
2838
In base 16, what is -45a4d + a?
-45a43
In base 6, what is -5155 - 30144?
-35343
In base 2, what is -101100000011010100110111 - 10?
-101100000011010100111001
In base 9, what is 10055 - -3172?
13237
In base 7, what is 2333 - 146132?
-143466
In base 10, what is 4784 - -27315?
32099
In base 10, what is 199609 - -296?
199905
In base 3, what is 12 - -10111210121120?
10111210121202
In base 13, what is -13 + 219146?
219133
In base 9, what is -5 + 4780613?
4780607
In base 10, what is 8 - 64675?
-64667
In base 6, what is 1203025 - 3410?
1155215
In base 15, what is -93 + cb1?
c1d
In base 7, what is 151 + -32033025?
-32032544
In base 6, what is 105134 - 3212?
101522
In base 13, what is -b2a0 + 32a?
-ac73
In base 2, what is 0 + -1010101101011000111001010110?
-1010101101011000111001010110
In base 4, what is -22 + -1222101330?
-1222102012
In base 14, what is 6cc6a0 + -8d?
6cc611
In base 15, what is d2655d + -4?
d26559
In base 9, what is 61737 + 847?
62685
In base 2, what is 101100100010 - -11000101100100101?
11001011001000111
In base 5, what is -13 - -3040340?
3040322
In base 4, what is -302322 + 1130202003?
1123233021
In base 13, what is -1121959 + 9?
-1121950
In base 3, what is -11021 - -1111220212?
1111202121
In base 9, what is -32 + -6200101?
-6200133
In base 9, what is -16 - -1175044?
1175027
In base 12, what is -4 - 63a3855?
-63a3859
In base 16, what is af + -b837?
-b788
In base 13, what is 11b445 - -a29?
11c171
In base 13, what is -57b0682 + -4?
-57b0686
In base 13, what is 1343 + b7a?
21c0
In base 5, what is -1223220 - -2203?
-1221012
In base 10, what is 10 - 1062111?
-1062101
In base 14, what is -b5d + -2441?
-31a0
In base 8, what is 116537717 + 0?
116537717
In base 12, what is 73b8 + -a96?
6522
In base 2, what is 110100010001 - -1001111011110?
10000011101111
In base 6, what is -5042123552 + -5?
-5042124001
In base 15, what is 5 + 209810?
209815
In base 6, what is -4451134 - 0?
-4451134
In base 14, what is cd6318 + -3?
cd6315
In base 8, what is 1372 + 1550257?
1551651
In base 13, what is 39a + -16288?
-15bbb
In base 2, what is -1 + -1011000101001110110001?
-1011000101001110110010
In base 16, what is ca + 9a15?
9adf
In base 4, what is 2100310 + -21330222?
-13223312
In base 12, what is -62716a2b + -3?
-62716a32
In base 7, what is -162 + -153113612?
-153114104
In base 2, what is 11010000011100100011101 + -1?
11010000011100100011100
In base 4, what is 1013231333323320 + 2?
1013231333323322
In base 4, what is 2302320001201 + -13?
2302320001122
In base 6, what is -21 - -13050554?
13050533
In base 4, what is 232 - 102133111331?
-102133111033
In base 9, what is -2 - -6162103?
6162101
In base 6, what is -33 - -112020?
111543
In base 9, what is -417 - -56375?
55857
In base 3, what is 2 + 110120100121221?
110120100122000
In base 13, what is 7b0 - -10b76?
11656
In base 5, what is 4 - -31043134?
31043143
In base 11, what is -5a - 36355?
-36404
In base 9, what is 132768 + -30?
132738
In base 7, what is 26356 + 3152?
32541
In base 10, what is 368 - 41396?
-41028
In base 5, what is -123132 - 2002242?
-2130424
In base 2, what is -11 + -1000011010010101110011110111?
-1000011010010101110011111010
In base 7, what is 550 - -32102215?
32103065
In base 16, what is -a37 - 1821?
-2258
In base 5, what is -10221332331 - -4?
-10221332322
In base 7, what is 122565022 + -36?
122564653
In base 4, what is -12320212 - -110103?
-12210103
In base 15, what is -3538b73 + -2?
-3538b75
In base 6, what is 324134354 + 51?
324134445
In base 14, what is 17 + -6da72?
-6da59
In base 3, what is 11111211000020 + 11002?
11111211011022
In base 3, what is -1010201 + -2202202100?
-2210220001
In base 14, what is -1617612 - 5?
-1617617
In base 4, what is 213203213203 - -1132?
213203221001
In base 5, what is 0 - -20410434430?
20410434430
In base 14, what is 1 + -772974?
-772973
In base 10, what is -365474 - 43?
-365517
In base 3, what is 10010112122111 - -2?
10010112122120
In base 7, what is -226251 + -35432?
-265013
In base 9, what is 422582 + -413?
422168
In base 13, what is 87747a1 + -20?
8774781
In base 9, what is -261716